{"id":1533,"date":"2026-02-27T15:40:03","date_gmt":"2026-02-27T12:40:03","guid":{"rendered":"https:\/\/keytdesign.com\/?post_type=product&#038;p=1533"},"modified":"2026-02-27T15:40:59","modified_gmt":"2026-02-27T12:40:59","slug":"twist-vazo","status":"publish","type":"product","link":"https:\/\/keytdesign.com\/index.php\/urun\/twist-vazo\/","title":{"rendered":"Twist Vazo"},"content":{"rendered":"<p class=\"product-description-content\">Evinizin atmosferine sanatsal bir dokunu\u015f katmak i\u00e7in tasarlanan Twist, modern formu ile g\u00f6z al\u0131c\u0131 bir \u015f\u0131kl\u0131k sunar.<\/p>\n<p class=\"product-description-content\">Spiral hatlar\u0131, \u0131\u015f\u0131kla dans eden zarif k\u0131vr\u0131mlar olu\u015ftururken her a\u00e7\u0131dan farkl\u0131 bir g\u00f6rsel deneyim ya\u015fat\u0131r.<\/p>\n<p class=\"product-description-content\">Y\u00fcksek kaliteli malzemeden \u00fcretilen Twist, hem taze \u00e7i\u00e7ekler hem de dekoratif d\u00fczenlemeler i\u00e7in m\u00fckemmel bir uyum sa\u011flar.<\/p>\n<p class=\"product-description-content\">\u0130ster salonunuzun merkezinde, ister \u00e7al\u0131\u015fma masan\u0131z\u0131n \u00fczerinde\u2026 Minimal ve modern \u00e7izgileri sayesinde her mek\u00e2na sofistike bir hava katar.<\/p>\n<p class=\"product-description-content\">\u00d6ne \u00c7\u0131kan \u00d6zellikler:Estetik spiral tasar\u0131mY\u00fcksek kaliteli, dayan\u0131kl\u0131 malzemeModern ve minimal dekorlarla uyumluTek ba\u015f\u0131na bile dekoratif bir sanat objesiTwist, sadece bir vazo de\u011fil<\/p>\n<p class=\"product-description-content\">ya\u015fam alan\u0131n\u0131za zarafeti ta\u015f\u0131yan bir tasar\u0131m par\u00e7as\u0131d\u0131r.<\/p>\n<p class=\"product-description-content\">\u00dcr\u00fcn\u00fcn y\u00fckseli\u011fi 21 cm\u2019dir.<\/p>\n","protected":false},"excerpt":{"rendered":"<p>Evinizin atmosferine sanatsal bir dokunu\u015f katmak i\u00e7in tasarlanan Twist, modern formu ile g\u00f6z al\u0131c\u0131 bir \u015f\u0131kl\u0131k sunar. Spiral hatlar\u0131, \u0131\u015f\u0131kla<\/p>\n","protected":false},"featured_media":1536,"comment_status":"open","ping_status":"closed","template":"","meta":[],"product_brand":[],"product_cat":[64],"product_tag":[],"class_list":{"0":"post-1533","1":"product","2":"type-product","3":"status-publish","4":"has-post-thumbnail","6":"product_cat-vazo","8":"first","9":"instock","10":"shipping-taxable","11":"purchasable","12":"product-type-simple"},"_links":{"self":[{"href":"https:\/\/keytdesign.com\/index.php\/wp-json\/wp\/v2\/product\/1533","targetHints":{"allow":["GET"]}}],"collection":[{"href":"https:\/\/keytdesign.com\/index.php\/wp-json\/wp\/v2\/product"}],"about":[{"href":"https:\/\/keytdesign.com\/index.php\/wp-json\/wp\/v2\/types\/product"}],"replies":[{"embeddable":true,"href":"https:\/\/keytdesign.com\/index.php\/wp-json\/wp\/v2\/comments?post=1533"}],"version-history":[{"count":1,"href":"https:\/\/keytdesign.com\/index.php\/wp-json\/wp\/v2\/product\/1533\/revisions"}],"predecessor-version":[{"id":1540,"href":"https:\/\/keytdesign.com\/index.php\/wp-json\/wp\/v2\/product\/1533\/revisions\/1540"}],"wp:featuredmedia":[{"embeddable":true,"href":"https:\/\/keytdesign.com\/index.php\/wp-json\/wp\/v2\/media\/1536"}],"wp:attachment":[{"href":"https:\/\/keytdesign.com\/index.php\/wp-json\/wp\/v2\/media?parent=1533"}],"wp:term":[{"taxonomy":"product_brand","embeddable":true,"href":"https:\/\/keytdesign.com\/index.php\/wp-json\/wp\/v2\/product_brand?post=1533"},{"taxonomy":"product_cat","embeddable":true,"href":"https:\/\/keytdesign.com\/index.php\/wp-json\/wp\/v2\/product_cat?post=1533"},{"taxonomy":"product_tag","embeddable":true,"href":"https:\/\/keytdesign.com\/index.php\/wp-json\/wp\/v2\/product_tag?post=1533"}],"curies":[{"name":"wp","href":"https:\/\/api.w.org\/{rel}","templated":true}]}}