{"id":1416,"date":"2026-02-27T14:12:51","date_gmt":"2026-02-27T11:12:51","guid":{"rendered":"https:\/\/keytdesign.com\/?post_type=product&#038;p=1416"},"modified":"2026-02-27T14:12:51","modified_gmt":"2026-02-27T11:12:51","slug":"tilki-biblo","status":"publish","type":"product","link":"https:\/\/keytdesign.com\/index.php\/urun\/tilki-biblo\/","title":{"rendered":"Tilki Biblo"},"content":{"rendered":"<p class=\"product-description-content\">Dekoratif Tilki Biblo Modern ve minimal tasar\u0131m\u0131yla \u00f6ne \u00e7\u0131kan bu geometrik tilki biblo, bulundu\u011fu ortama s\u0131cak ve \u015f\u0131k bir hava katar.<\/p>\n<p class=\"product-description-content\">Sevimli duru\u015fu ve detayl\u0131 formu sayesinde hem dekoratif hem de anlaml\u0131 bir obje olarak dikkat \u00e7eker.<\/p>\n<p class=\"product-description-content\">Do\u011fay\u0131 ve hayvan fig\u00fcrlerini sevenler i\u00e7in ho\u015f bir tamamlay\u0131c\u0131 oldu\u011fu gibi, hediye alternatifi olarak da tercih edilebilir.<\/p>\n","protected":false},"excerpt":{"rendered":"<p>Dekoratif Tilki Biblo Modern ve minimal tasar\u0131m\u0131yla \u00f6ne \u00e7\u0131kan bu geometrik tilki biblo, bulundu\u011fu ortama s\u0131cak ve \u015f\u0131k bir hava<\/p>\n","protected":false},"featured_media":1435,"comment_status":"open","ping_status":"closed","template":"","meta":[],"product_brand":[],"product_cat":[63],"product_tag":[],"class_list":{"0":"post-1416","1":"product","2":"type-product","3":"status-publish","4":"has-post-thumbnail","6":"product_cat-dekorasyon","8":"first","9":"instock","10":"shipping-taxable","11":"purchasable","12":"product-type-variable"},"_links":{"self":[{"href":"https:\/\/keytdesign.com\/index.php\/wp-json\/wp\/v2\/product\/1416","targetHints":{"allow":["GET"]}}],"collection":[{"href":"https:\/\/keytdesign.com\/index.php\/wp-json\/wp\/v2\/product"}],"about":[{"href":"https:\/\/keytdesign.com\/index.php\/wp-json\/wp\/v2\/types\/product"}],"replies":[{"embeddable":true,"href":"https:\/\/keytdesign.com\/index.php\/wp-json\/wp\/v2\/comments?post=1416"}],"version-history":[{"count":1,"href":"https:\/\/keytdesign.com\/index.php\/wp-json\/wp\/v2\/product\/1416\/revisions"}],"predecessor-version":[{"id":1444,"href":"https:\/\/keytdesign.com\/index.php\/wp-json\/wp\/v2\/product\/1416\/revisions\/1444"}],"wp:featuredmedia":[{"embeddable":true,"href":"https:\/\/keytdesign.com\/index.php\/wp-json\/wp\/v2\/media\/1435"}],"wp:attachment":[{"href":"https:\/\/keytdesign.com\/index.php\/wp-json\/wp\/v2\/media?parent=1416"}],"wp:term":[{"taxonomy":"product_brand","embeddable":true,"href":"https:\/\/keytdesign.com\/index.php\/wp-json\/wp\/v2\/product_brand?post=1416"},{"taxonomy":"product_cat","embeddable":true,"href":"https:\/\/keytdesign.com\/index.php\/wp-json\/wp\/v2\/product_cat?post=1416"},{"taxonomy":"product_tag","embeddable":true,"href":"https:\/\/keytdesign.com\/index.php\/wp-json\/wp\/v2\/product_tag?post=1416"}],"curies":[{"name":"wp","href":"https:\/\/api.w.org\/{rel}","templated":true}]}}