{"id":1396,"date":"2026-02-27T13:07:03","date_gmt":"2026-02-27T10:07:03","guid":{"rendered":"https:\/\/keytdesign.com\/?post_type=product&#038;p=1396"},"modified":"2026-02-27T13:07:03","modified_gmt":"2026-02-27T10:07:03","slug":"kopek-biblo-altin","status":"publish","type":"product","link":"https:\/\/keytdesign.com\/index.php\/urun\/kopek-biblo-altin\/","title":{"rendered":"K\u00f6pek Biblo Alt\u0131n"},"content":{"rendered":"<h3><b>K\u00f6pek Biblo<\/b><\/h3>\n<p>Sevimli mekan dostlar\u0131m\u0131z\u0131n renklerini yans\u0131tan bu \u00f6zel tasar\u0131m k\u00f6pek biblosu, i\u00e7erdi\u011fi s\u0131cakl\u0131k ve pozitif bir enerji katar\u0131. Ger\u00e7ek\u00e7i ayr\u0131nt\u0131lar ve zarif i\u015f\u00e7ili\u011fi sayesinde dikkat \u00e7eken bu biblo, dekorasyonunuza ho\u015f bir karakter kazand\u0131r\u0131yor.<\/p>\n<p>Dayan\u0131kl\u0131 \u00fcretim yap\u0131s\u0131, uzun s\u00fcreli kullan\u0131m olana\u011f\u0131 sunar. Hafif oldu\u011fu i\u00e7in istedi\u011finiz k\u00f6\u015fede kolayca konumland\u0131rabilirsiniz.<\/p>\n<p>Ev, ofis, \u00e7al\u0131\u015fma masas\u0131 veya vitrin d\u00fczenlemelerinde dekoratif bir tamamlay\u0131c\u0131 olarak \u00f6ne \u00e7\u0131kar. Hayvan koleksiyoncular\u0131, k\u00f6pek severler veya sevimli dekor objeleri yedi herkes i\u00e7in ideal bir par\u00e7ad\u0131r.<\/p>\n<p>Modern, \u015f\u0131k ve s\u0131cak bir g\u00f6r\u00fcn\u00fcm sunan bu k\u00f6pek biblosu, b\u00fcnyesinde bar\u0131nd\u0131rd\u0131\u011f\u0131 rahat bir atmosfer yarat\u0131r.<\/p>\n","protected":false},"excerpt":{"rendered":"<p>K\u00f6pek Biblo Sevimli mekan dostlar\u0131m\u0131z\u0131n renklerini yans\u0131tan bu \u00f6zel tasar\u0131m k\u00f6pek biblosu, i\u00e7erdi\u011fi s\u0131cakl\u0131k ve pozitif bir enerji katar\u0131. Ger\u00e7ek\u00e7i<\/p>\n","protected":false},"featured_media":1400,"comment_status":"open","ping_status":"closed","template":"","meta":[],"product_brand":[],"product_cat":[63],"product_tag":[],"class_list":{"0":"post-1396","1":"product","2":"type-product","3":"status-publish","4":"has-post-thumbnail","6":"product_cat-dekorasyon","8":"first","9":"instock","10":"shipping-taxable","11":"purchasable","12":"product-type-simple"},"_links":{"self":[{"href":"https:\/\/keytdesign.com\/index.php\/wp-json\/wp\/v2\/product\/1396","targetHints":{"allow":["GET"]}}],"collection":[{"href":"https:\/\/keytdesign.com\/index.php\/wp-json\/wp\/v2\/product"}],"about":[{"href":"https:\/\/keytdesign.com\/index.php\/wp-json\/wp\/v2\/types\/product"}],"replies":[{"embeddable":true,"href":"https:\/\/keytdesign.com\/index.php\/wp-json\/wp\/v2\/comments?post=1396"}],"version-history":[{"count":1,"href":"https:\/\/keytdesign.com\/index.php\/wp-json\/wp\/v2\/product\/1396\/revisions"}],"predecessor-version":[{"id":1405,"href":"https:\/\/keytdesign.com\/index.php\/wp-json\/wp\/v2\/product\/1396\/revisions\/1405"}],"wp:featuredmedia":[{"embeddable":true,"href":"https:\/\/keytdesign.com\/index.php\/wp-json\/wp\/v2\/media\/1400"}],"wp:attachment":[{"href":"https:\/\/keytdesign.com\/index.php\/wp-json\/wp\/v2\/media?parent=1396"}],"wp:term":[{"taxonomy":"product_brand","embeddable":true,"href":"https:\/\/keytdesign.com\/index.php\/wp-json\/wp\/v2\/product_brand?post=1396"},{"taxonomy":"product_cat","embeddable":true,"href":"https:\/\/keytdesign.com\/index.php\/wp-json\/wp\/v2\/product_cat?post=1396"},{"taxonomy":"product_tag","embeddable":true,"href":"https:\/\/keytdesign.com\/index.php\/wp-json\/wp\/v2\/product_tag?post=1396"}],"curies":[{"name":"wp","href":"https:\/\/api.w.org\/{rel}","templated":true}]}}